Let t = 0 - -5. Let c(j) = 6*j**2. Let w be c(-1). Let s(b) = w*b - 7 - 3*b**2 + 2*b**2 + 4. Determine s(t).
2
Let q(h) = -h**2 + 7*h - 6. Let y = 16 + -12. Calculate q(y).
6
Let f(n) be the first derivative of 7*n + 3 + 1/2*n**2. Determine f(-4).
3
Let p(r) = 3*r**2 - 1 - 2*r - 3*r**3 + 4*r**3 - 1 - r. Let t be p(-3). Let x(o) = o - 8. What is x(t)?
-1
Let z(f) = -f - 9. Let i(p) = p**3 - 4*p**2 - 2*p + 3. Let w be i(4). Let k = w - -6. Suppose -9 = 2*g - k. Calculate z(g).
-5
Let h(m) = 2*m**2 - 12*m + 2. Let j be h(6). Let z(q) be the third derivative of 0 - 5/24*q**4 + 0*q - 1/2*q**3 - 1/60*q**5 - j*q**2. Calculate z(-3).
3
Let a(n) = 6 - 7 + 12*n - 1. Determine a(2).
22
Suppose 4*w + 3*u = -11 + 30, -36 = -3*w + 5*u. Let y = w - 2. Let b(x) be the first derivative of x**2/2 - 10*x - 1. Calculate b(y).
-5
Let y(b) = b**2 - 6*b - 10. Let c be (-138)/(-17) - (-14)/(-119). Give y(c).
6
Let u(m) be the third derivative of -m**5/60 - m**4/12 - m**3/6 - m**2. Suppose -3 = 12*p - 27. What is u(p)?
-9
Let q(w) = -5*w**3 - 10*w**2 - w + 7. Let m(s) = -11*s**3 + 0*s**3 + 15 - 5*s + 0*s**3 + 4*s - 21*s**2. Let b(t) = -4*m(t) + 9*q(t). What is b(-5)?
3
Let o(f) = -f**2 - 1. Let s(r) = r**3 + 2*r - 3. Let w(g) = -o(g) + s(g). Determine w(2).
14
Let p(f) = -f + 13. Suppose -4*l + 9*l + 10 = 0. Let y(k) = 3*k - 27. Let x(t) = l*y(t) - 5*p(t). Determine x(-7).
-4
Suppose -4*z = -8*z - 28. Let f(b) = -5*b + 3. Let r(o) = 5*o - 3. Let l(p) = z*f(p) - 6*r(p). Determine l(2).
7
Let v(n) = n**3 - 2*n**2 - 4*n. Let m be (6 - 8) + -21 + -1. Let i = 6 + m. Let c be 25/9 + (-4)/i. Calculate v(c).
-3
Let k(f) = -8*f**2 + 1. Let g be 94/(-8) + 4/(-16). Let t = 7 + g. Let p = t + 4. What is k(p)?
-7
Let k(l) = l**2 + 5*l + 6. Let r be k(-5). Let y(v) = 4*v + r - v - 4. Give y(-2).
-4
Let n(r) be the third derivative of -11*r**5/60 + r**4/24 + r**3/6 - 2*r**2. What is n(-1)?
-11
Let u(d) be the second derivative of -1/4*d**4 + 0*d**2 + 1/3*d**3 + d - 1/120*d**5 - 1/360*d**6 + 0. Let n(m) be the second derivative of u(m). Calculate n(0).
-6
Let u(z) = -z**3 - 10*z**2 - 8*z + 11. Suppose 2*x + 14 = 5*b, -2*x = 2*x - 5*b + 38. Let r = x - -3. Let l be u(r). Let g(d) = -2*d**2 + d. What is g(l)?
-6
Let o(c) = c - 6 + 2 + 8 - 4*c**2 - c**3 - 2. Give o(-3).
-10
Let c(o) be the third derivative of o**4/24 - 4*o**3/3 + 2*o**2. Let h be c(10). Let q(s) = -2*s**2 + h + 2*s**2 + s**2 + 3 + 6*s. Determine q(-4).
-3
Let n(s) = s**2 - 11*s + 5. Let i(z) = 6*z - 3. Let x(l) = 5*i(l) + 3*n(l). Determine x(2).
6
Let f(j) = -4*j - 3*j**2 + 5*j + 10*j**2. Suppose y = 5*y. Suppose 0 = 3*a - y*a + 12, 2*a = -3*q - 5. What is f(q)?
8
Let r(m) = m**3 - m**2 - m + 1. Let p(x) = 2 - 5*x**2 - x**2 + 0 - x**3. Let n be p(-6). Determine r(n).
3
Let u(x) = -x**2 + 3*x + 1. Let b = -7 - -11. Suppose 0 = b*s - 14 - 6. Give u(s).
-9
Let c = 148 - 160. Let q(y) = -y**3 - 12*y**2 + y + 12. Calculate q(c).
0
Let b(z) = -2*z**3 - 2*z**2 + 1. Let v be (-4 + 7/2)*4. What is b(v)?
9
Suppose 5*a = 3*l - 13, -5*a - 7*l + 8*l - 11 = 0. Let n(v) = v - 1. What is n(a)?
-3
Let b(l) = -5*l + 6 + 2*l + 5*l - l. Determine b(-5).
1
Let q = 82 + -73. Let z(b) = -b - 3. Determine z(q).
-12
Let i(d) = -8*d**3 + 2*d**2 - d. Let j be -1 + (-3 - (-2 + -3)). What is i(j)?
-7
Suppose -g = 16*g - 119. Let b(q) = q**3 - 6*q**2 - 5*q - 9. Give b(g).
5
Suppose -1 = 4*l + t, -5*l + 4*t + 8 = -17. Let x(w) be the third derivative of w**6/30 - w**5/60 + w**4/24 - w**2. Determine x(l).
4
Let s(u) = -u**3 - 5*u**2 - 3*u + 1. Let x be 2 + 0 - (1 - 3). Suppose 6*t + 12 = 2*t + 4*b, -2*t + 4*b = x. What is s(t)?
-3
Let p(j) = j**2 + j. Let u(k) = 4*k - 10. Let a be u(4). Suppose 4*o - 2*t - a = 0, -4*o - 4*t - 19 = -t. Determine p(o).
0
Let x(j) = j + 6*j - j + j. Let h = -26 - -27. Give x(h).
7
Let f(y) = -5*y - 6. Let z(u) = 1. Let m(t) = f(t) + 4*z(t). Determine m(-3).
13
Let d(c) = c**3 + 2*c**2 - 3*c - 2. Let u(x) = 6*x**2 - 1. Let a be u(1). Suppose 0 = 2*m + 2*f + 4, -1 = 2*m - 0*m + a*f. What is d(m)?
-2
Let o(l) be the first derivative of l**3/3 - l + 39. Determine o(-4).
15
Let y(g) = g + 3. Suppose 26 = -4*f + 6. Let r = f + 8. Let x be r/(-3) + -1*3. Give y(x).
-1
Let a(y) = y**3 + 6*y**2 - y - 5. Suppose 14*w - 16*w = 12. What is a(w)?
1
Let i(r) = -r**2 + 3*r + 1. Let g be -19 + 15 - (-20)/2. Give i(g).
-17
Let q(w) = -w**2 + 4*w + 6. Let d be q(4). Let g(r) be the second derivative of -r**3/6 + r**2 + 2*r. Determine g(d).
-4
Let r(s) = -s**2 - 3. Let i(v) be the first derivative of 2*v**2 - 1/3*v**3 - 3*v - 4. Let a be i(3). Determine r(a).
-3
Let z(m) be the second derivative of 5/6*m**3 + 4*m + 1/2*m**2 + 1/12*m**4 + 0. Determine z(-6).
7
Suppose -27 = -12*p + 9. Let d(g) = -g**2 + 4*g - 3. Give d(p).
0
Let s(q) = q. Suppose -5*n + 8 = -u, -5*u = n - 9 - 3. Calculate s(u).
2
Let h = -80 - -81. Let x(l) = l. What is x(h)?
1
Let c(z) = 9 + z**2 + z + 3*z**2 + 5*z**2 - 5*z**3 + 6*z**3. Calculate c(-9).
0
Let k = 30 - 12. Suppose -3*y - 3*a = -k, -a = -8 + 4. Let c(v) = 1 + v - v**2 + 0 - y. What is c(0)?
-1
Suppose -5*g + 0 = 5. Let t be (2 + g)*-1 - 3. Let v(p) = p**3 + 5*p**2 + 3*p + 1. Give v(t).
5
Let p = 134 + -137. Let i(b) be the first derivative of -b**3/3 - 3*b**2/2 + b - 1. Let l(o) be the first derivative of i(o). Determine l(p).
3
Suppose -11*n + 9*n = -4. Let o(p) = -1 + n*p + 2 + 6*p**2 + 2 - 2. What is o(-1)?
5
Let o = -7 - -11. Let k(b) = -2*b + 7 + 0*b - 3. Give k(o).
-4
Let y(n) = n - 4. Let h(x) = -x + 9. Let k be h(7). Suppose 3*g = k*g + 5. Calculate y(g).
1
Let y(q) = 1. Let m(l) = l**2 - 4*l + 4. Let b(f) = m(f) + 2*y(f). Give b(4).
6
Let d(l) = l**3 - l**2 + 10. Suppose 0 = -0*z - 4*z + 8. Let t be 4/(-2) + z + 0. Give d(t).
10
Let t(i) = -i**3 + i**2 - i + 1. Let l be t(1). Suppose b = -2*j + 6, j - 13 = -4*j - 2*b. Let x(o) = j + o - 3 - 6. Determine x(l).
-8
Let m(o) = -31 - 23 + 58 + 5*o + o**2. Calculate m(-3).
-2
Suppose -2*y = 2*y - 8. Let n(i) = -3*i**2 + 2*i**2 + y*i - 3 + 2*i**2 + 2. What is n(-3)?
2
Let n = 25 - 14. Suppose n = 2*k + 3. Suppose k*v - 4 = 0, 2*m + 5*v - 1 = m. Let z(u) = u**3 + 3*u**2 - 2*u. Determine z(m).
-8
Let i(r) be the first derivative of -r**6/360 - r**5/24 - r**4/24 + r**3 + 1. Let j(l) be the third derivative of i(l). Calculate j(-4).
3
Let g(j) = j - 2. Let s be (2/1)/(5/50). Suppose 4*q - s = -4. Suppose 0*n = q*n. Determine g(n).
-2
Let p = 51 + -52. Let z(v) = 2 - 1 + 3*v - 6*v. What is z(p)?
4
Let y(f) be the first derivative of -f**6/120 + f**5/30 - f**4/8 + f**3/3 - f**2/2 + 4. Let p(u) be the second derivative of y(u). Determine p(2).
-4
Let a(f) = 11*f - 2. Let p(y) = 10*y - 1. Let v(w) = 2*a(w) - 3*p(w). Determine v(1).
-9
Let a(n) be the second derivative of 1/4*n**4 + 0 - 1/3*n**3 + 1/2*n**2 + 2*n. Calculate a(2).
9
Let h(p) be the second derivative of -3*p + 0 - 1/6*p**3 + 1/2*p**2. Determine h(-3).
4
Let h(n) = n - 3. Let z(o) = o**3 - 2*o + 1. Let s be z(2). What is h(s)?
2
Let a(w) = -6*w**2 + 3*w + 8. Let t(g) = -g**2 + g + 1. Let n(f) = a(f) - 5*t(f). Let r(s) = -s**3 + 13*s**2 + s - 17. Let q be r(13). What is n(q)?
-5
Let p(q) be the second derivative of -q**5/20 + q**4/2 + q**3/3 - q**2 - 5*q. What is p(6)?
10
Let u(w) = -2*w**3 + 31*w**2 - 29*w - 27. Let a(f) = -f**3 + 15*f**2 - 14*f - 13. Let i(n) = 13*a(n) - 6*u(n). Calculate i(8).
-7
Let r(t) = 25*t - 275. Let w be r(11). Let l(y) be the third derivative of y**4/24 - y**2. Calculate l(w).
0
Suppose -2*f = 2*f + 16, -3*a + 3*f + 21 = 0. Let y(s) = s**2 + 3. Let v be y(0). Let t(m) = 0 - 2 + 4*m - v*m. Give t(a).
1
Let v(o) = -o**2 + 2*o + 1. Let u = -121 + 125. Calculate v(u).
-7
Let v(f) be the first derivative of -f**3/3 - 4*f**2 - 8*f - 29. Let x be -2 + (-1 - -8) + 1. Let y(i) = -i. Let q be y(x). Give v(q).
4
Suppose 2*g = -2 + 6. Let p(c) = 3*c - 1 - 2*c + c**2 + g*c - c. Let w(d) = -d**3 + 3*d**2 - 1. Let r be w(1). Calculate p(r).
2
Let j(i) be the first derivative of -3*i**4/2 - i**3/3 + i**2/2 + i + 31. Determine j(-1).
5
Let h(g) = -g**2 - 6*g + 4. Let i = 82 + -89. Give h(i).
-3
Let i(l) = 6*l. Let s be -2*4/16*-8. Suppose 4*q + 0*j - 3*j = 8, -j = s. What is i(q)?
-6
Let m(w) = w**2 + 4*w. Let f be (-7)/(-2) - 1/(-2). Let l(v) = -4 - 2 - v + 7. Let c be l(f). Calculate m